of g(5)?
1
Let q = 225 + -224. Let g = 677 + q. What is the units digit of g?
8
Let n(u) = 10*u**2 - 2*u - 7. Let r(l) = 3*l**2 - 1. Let c be r(-1). Suppose 0 = c*d - 48 + 54. What is the tens digit of n(d)?
8
Let d(w) = 15*w - 86. Let y be d(19). Suppose 497 = 2*n - y. What is the units digit of n?
8
Suppose o + w + 65 = 0, -5*o - 2*w - 321 = 2*w. Let v = o - -63. What is the hundreds digit of ((-38)/v)/(7/(-63))?
1
Suppose 0 = -5*t - 0*t - 30. Let i be t/(-8) - 21/(-84). What is the units digit of -3 - (i + -3) - -49?
8
Let v(f) = 18*f**2 + f + 4. Suppose 2*k + 28 = 4*y, -5*k + 3*y + 6 = 41. Let j = k - -2. What is the units digit of v(j)?
4
Suppose m - 19115 = -5*i, -9*i = -14*i + 4*m + 19090. What is the thousands digit of i?
3
Let o(w) = w**2 + w + 1. Let n(s) = 6*s**2 + 4*s + 3. Let m(r) = n(r) - 5*o(r). Let t be m(3). Suppose t*l + 4*l - 1176 = 0. What is the units digit of l?
7
What is the ten thousands digit of 494/((-52)/2) + 11171?
1
Suppose 4*b - 825 = -b - 5*d, b - 165 = -2*d. Suppose -b*s = -166*s + 198. What is the hundreds digit of s?
1
Suppose 1 = 2*m - 5*y - 4, 2*m = 3*y + 11. What is the units digit of 3/(m - -2) + 52275/100?
3
What is the tens digit of (-280)/3640 - 87218/(-13)?
0
Let c(u) = -8*u - 26. Let h(m) = -6*m**2 - 7*m - 9. Let o be h(-3). Let k be (o/(-2))/(-3)*(-6)/(-7). What is the units digit of c(k)?
2
Let r(n) = 12*n + 6 - 65*n - 2*n**3 - 15*n**2 + n**3 - 20. What is the tens digit of r(-12)?
9
Let a = -5542 - -10767. What is the units digit of a?
5
Let v(o) = 165*o - 2932. What is the hundreds digit of v(48)?
9
Let z = -12419 - -21742. What is the units digit of z?
3
Suppose -4*l - 5*p + 60971 = 0, -2*l = -5*p - 20483 - 9980. What is the thousands digit of l?
5
Suppose 2*o + 3*d - 28 = 25, 28 = 2*o - 2*d. Let b = 254 + o. Let i = 409 - b. What is the hundreds digit of i?
1
Let f be 11/(2/4 - (-90)/(-165)). Let g = f - -483. What is the hundreds digit of g?
2
Let t(m) = -193*m - 1160. What is the tens digit of t(-50)?
9
Let n = -6 + 11. Suppose -i + 5*h = -630, 3*h = -2*i + n*h + 1244. What is the hundreds digit of i?
6
Let q(g) = 57*g + 40. Let d(k) = k + 2. Let m(t) = -4*d(t) + q(t). What is the units digit of m(6)?
0
Suppose 12*w + 9767 = -5797. Let t = w - -2518. What is the units digit of t?
1
Suppose -2*s = -5*s + 3162. Let u = s + -3. What is the units digit of u?
1
Suppose 89 = 4*o - 139. Suppose 67*s = o*s + 240. What is the tens digit of s?
2
Let m(a) = a + 9. Let w be m(-4). Suppose -5*q + 2*s + 10 = 0, -s + 8 = 2*q - w. Suppose 4*b - 60 = 3*o, 0 = 5*b - 3*o - 74 - q. What is the tens digit of b?
1
Suppose -2924616 = -47*s - 186*s. What is the thousands digit of s?
2
Let i(f) = f**2 + 9*f + 8497. What is the units digit of i(0)?
7
Let r(a) = 10*a - 22. Let w be r(3). Suppose -w*t - 12*t + 8820 = 0. What is the tens digit of t?
4
Let s be -2 - (0 + -189)/((-17)/(-34)). Suppose -110 = v - s. What is the tens digit of v?
6
Suppose 507 = 3*y + 441. Suppose y*z - 19*z + 5*h = 80, -5*z + 80 = -5*h. What is the tens digit of z?
2
Let s(y) = -2*y**3 + y**2 - 5. Suppose -7*p + 3*p = 16. Let o be (1/(p/(-12)))/(-1). What is the tens digit of s(o)?
5
Suppose 2*m + m + 6 = 0, -3*x - 4*m = -3430. Suppose x = -68*k + 70*k. What is the units digit of k?
3
Let a(g) = -102*g - 811. What is the tens digit of a(-23)?
3
Let n(g) = g**2 + g + 10. Let p be n(0). Let r be (1 - 131/5)/((-2)/p). What is the tens digit of r - (0 - (0 + -2))?
2
Let o(p) = -21*p - 4 - p**3 + 22*p + 24*p**2 + p**2 - 18. Let z be o(25). Suppose 0 = 2*f + 5*j - 181, j + 297 = 6*f - z*f. What is the units digit of f?
8
Let s(v) = 5*v**2 + 33*v - 7. Let p be s(-7). Let h(j) = j**3 - 3*j**2 + 27*j. What is the units digit of h(p)?
5
Let g be ((-819)/(-12))/13*(-1 - -5). Suppose -1658 = -g*a + 13588. What is the tens digit of a?
2
Let n(i) = -5*i**2 + 41*i + 76. Let k(x) = -x**2 + 8*x + 15. Let v(b) = -11*k(b) + 2*n(b). Let q be v(7). What is the units digit of ((-3)/q + 2/(-1))*-38?
7
Let k(z) = z**3 - 6*z**2 + 3*z + 21. Let s(b) = -2*b**2 - 9*b + 27. Let t be s(-6). What is the units digit of k(t)?
1
Let z = -195 - -355. Let b(t) = t**2 + 12*t - 61. Let m be b(-16). Suppose -161 = -m*a + z. What is the tens digit of a?
0
Suppose j = 13 - 59. Let y be (78/(-8))/(-13) - (-211)/(-4). Let g = j - y. What is the units digit of g?
6
Let x = -6003 + 24526. What is the tens digit of x?
2
Let c(i) = -2*i**3 - 16*i**2 - 6*i - 48. Let k be c(-8). Suppose 2*s - 4*y - 3570 = k, s + 840 - 2610 = 5*y. What is the units digit of s?
5
Let z be ((-1)/4*239)/((-73)/(-2044)). Let f = z - -3014. What is the hundreds digit of f?
3
Suppose -2*x = -4*s + 542, -2*s + 5*x + 230 = -21. Suppose 0 = 43*d + 451 - 4278. Let l = s - d. What is the units digit of l?
9
Let u(p) = 3*p + 15*p**2 + 0*p + 13 + 3*p. What is the units digit of u(-2)?
1
Suppose 2*z - 6*z - 75 = i, 5*i = -3*z - 392. Let u = i - -188. Let g = u + -49. What is the units digit of g?
0
Suppose -105 = -0*z - 7*z. Suppose -3*g = 3*f - 8*g - 178, -z = 3*g. What is the tens digit of f?
5
Suppose 120 = 9*b - 42. Suppose 432 = -16*s + b*s. What is the units digit of s?
6
Let q(b) = -3*b**2 - 17*b + 555. Let n be q(11). Let a(x) = 2*x + x + x**2 - 1 - 7*x. What is the units digit of a(n)?
4
Suppose 4*v + 3*g - 18280 = 0, 26*v + 13710 = 29*v + 4*g. What is the tens digit of v?
7
Let h(m) = 4*m**3 - 29*m**2 + 11*m - 71. What is the units digit of h(16)?
5
Let a(j) = j**3 - 3*j**2 - 10*j + 14. Suppose -5*i + 5 = 2*x, -2*x = -5*x + 3*i + 18. Suppose -4*p + 5*m = -14, 2*m - x*m = -6. What is the units digit of a(p)?
2
Suppose 2*w - 2*z - 3736 = 0, -2*z = w - 1996 + 119. What is the tens digit of w?
7
Suppose 31 - 7 = 4*z. Let k be z/(-1 - 2) - -1. What is the tens digit of (k*(-8)/(-10))/(14/(-3290))?
8
Let p = 392 + -389. Suppose -433 = -2*w - t + 612, -p*t = 2*w - 1047. What is the units digit of w?
2
Suppose -16*h = 24203 - 97419. Suppose -5*u = 6*u - h. What is the units digit of u?
6
Let k be (-2)/16 - (94/16)/1. Let s be -2*(k/28 - 8/28). What is the tens digit of s/(-3 - (-102)/33)?
1
Suppose 6*b + 3*b - 81 = 0. Suppose 2379 = -b*o + 9039. What is the tens digit of o?
4
Let b = 199 + -127. Let m = 142 - b. What is the units digit of m?
0
Let l = -7 - -10. Suppose -3*c + 35 = -4*b, 0 = l*c - 0*c + 3*b - 21. What is the units digit of 503/c - 3/(-27)?
6
Let u(c) = 408*c - 12. Suppose -5*a + 3*g + 14 = 0, 2*a + 4*g + 11 = a. What is the hundreds digit of u(a)?
3
Suppose 9*b + 5*b = -1316. What is the units digit of (-6140)/(-11) + b/517?
8
Let t be -18*(7 + -9 - 63/(-6)). What is the units digit of -2 + 27*1 + t/51?
2
Let q be (894*12/18)/2. Let o = q - 174. What is the units digit of o?
4
Suppose 4*p - q = 32106, 4*q - 24089 = -19*p + 16*p. What is the tens digit of p?
2
Let b be -3*(2 - 0) - (-252)/28. Let g(h) = 498*h - 7. What is the hundreds digit of g(b)?
4
Let k(b) = 2*b**3 - 10*b**2 + 5*b - 90. Let q(c) = -c**2 + 5*c + 3. Let u be q(3). What is the units digit of k(u)?
3
Let k(v) = 8*v**2 - 11*v - 45. What is the units digit of k(8)?
9
Let z be 260/(-18) - 12/(-27). Let w(c) = -40*c + 13. What is the units digit of w(z)?
3
Let u be 14/63 + (-20)/9. Let l(p) = -5*p - 3. Let h be l(u). Let w(b) = -b**2 + 6*b + 12. What is the units digit of w(h)?
5
Suppose 1231*a = 1226*a + 256265. What is the units digit of a?
3
Let d(r) = -3*r + 666. Let u be d(0). Let g = u - 425. Suppose -7*n + g = -25. What is the units digit of n?
8
Suppose -q + 31606 = -6*z, 0*q + 3*z + 94743 = 3*q. What is the units digit of q?
6
Suppose -4*o = 2*l - 31002, -15*l + 14*l = 5*o - 38760. What is the hundreds digit of o?
7
Let o(a) = a**2 + 14*a + 5. Let g(n) = -n**2 + 5*n + 4. Let d be g(5). Let i = d - 21. What is the units digit of o(i)?
6
Suppose 0 = 2*r + 2, c + 114172 = 9*c - 4*r. What is the tens digit of c?
7
Let f(x) = 1256*x - 1677. What is the hundreds digit of f(9)?
6
Suppose 27*z - 162610 = 127589 + 56994. What is the tens digit of z?
5
Suppose -14*h + 17*h + 12 = 0. What is the units digit of 3141/h*(80/(-15))/4?
7
Suppose 0 = 10*j - 8*j - 5*h - 25265, 0 = 5*j + 3*h - 63023. What is the thousands digit of j?
2
Suppose 2*c - 43*n + 14 = -41*n, -2*c + n - 10 = 0. Let f(p) = -5*p**2 + 8*p. Let q be f(6). What is the tens digi